{"id":17,"date":"2011-04-07T22:45:38","date_gmt":"2011-04-07T16:45:38","guid":{"rendered":"http:\/\/kinderschutzbund-schopfheim.de\/?page_id=17"},"modified":"2018-05-29T17:54:11","modified_gmt":"2018-05-29T11:54:11","slug":"kontakt","status":"publish","type":"page","link":"https:\/\/kinderschutzbund-schopfheim.de\/?page_id=17","title":{"rendered":"Rechtliche Hinweise"},"content":{"rendered":"<p><strong>Impressum<\/strong><br \/>\nAngaben gem\u00e4\u00df \u00a7 5 TMG, vVerantwortlich f\u00fcr den Inhalt nach \u00a7 55 Abs. 2 RStV:<br \/>\nDeutscher Kinderschutzbund Ortsverband Schopfheim e.V.<br \/>\nWehrer Str. 5 | 79650 Schopfheim<br \/>\nTelefon: +49 7622 639 29 | Telefax: +49 7622 667 59 60<br \/>\nVertreten durch die erste Vorsitzende: Heidi Schmieding. Kontakt: <a href=\"mailto:info@kinderschutzbund-schopfheim.de\">info@kinderschutzbund-schopfheim.de<\/a><\/p>\n<p><strong>Haftungsausschluss<\/strong><br \/>\nDer Deutsche Kinderschutzbund Ortsverband Schopfheim e.V. hat alle auf dieser Website genannten Daten sorgf\u00e4ltig \u00fcberpr\u00fcft, kann keine Gew\u00e4hr f\u00fcr die Richtigkeit, Vollst\u00e4ndigkeit und Aktualit\u00e4t der Daten \u00fcbernehmen. Jegliche Haftung, insbesondere auf Schadensersatz, ist ausgeschlossen. Der Kinderschutzbund Schopfheim e.V. ist f\u00fcr fremde Inhalte, zu denen es lediglich den Zugang zur Nutzung vermittelt, nicht verantwortlich. Dies gilt insbesondere f\u00fcr die Inhalte, die der Nutzer durch Aufrufen eines Hyperlinks abrufen kann. Hinweise auf fehlerhafte Informationen oder Links, Anregungen und Kritik senden Sie bitte an info@kinderschutzbund-schopfheim.de. Als Diensteanbieter sind wir gem\u00e4\u00df \u00a7 7 Abs.1 TMG f\u00fcr eigene Inhalte auf diesen Seiten nach den allgemeinen Gesetzen verantwortlich. Nach \u00a7\u00a7 8 bis 10 TMG sind wir als Diensteanbieter nicht verpflichtet, \u00fcbermittelte oder gespeicherte fremde Informationen zu \u00fcberwachen oder nach Umst\u00e4nden zu forschen, die auf eine rechtswidrige T\u00e4tigkeit hinweisen. Verpflichtungen zur Entfernung oder Sperrung der Nutzung von Informationen nach den allgemeinen Gesetzen bleiben hiervon unber\u00fchrt. Eine diesbez\u00fcgliche Haftung ist erst ab dem Zeitpunkt der Kenntnis einer konkreten Rechtsverletzung m\u00f6glich. Bei Bekanntwerden von entsprechenden Rechtsverletzungen werden wir diese Inhalte umgehend entfernen.<br \/>\nDie durch den Seitenbetreiber erstellten Inhalte und Werke auf diesen Seiten unterliegen dem deutschen Urheberrecht. Die Vervielf\u00e4ltigung, Bearbeitung, Verbreitung und jede Art der Verwertung au\u00dferhalb der Grenzen des Urheberrechtes bed\u00fcrfen der schriftlichen Zustimmung des jeweiligen Autors bzw. Erstellers. Downloads und Kopien dieser Seite sind nur f\u00fcr den privaten, nicht kommerziellen Gebrauch gestattet. Soweit die Inhalte auf dieser Seite nicht vom Betreiber erstellt wurden, werden die Urheberrechte Dritter beachtet. Insbesondere werden Inhalte Dritter als solche gekennzeichnet. Sollten Sie trotzdem auf eine Urheberrechtsverletzung aufmerksam werden, bitten wir um einen entsprechenden Hinweis. Bei Bekanntwerden von Rechtsverletzungen werden wir derartige Inhalte umgehend entfernen.<br \/>\nDie Nutzung unserer Webseite ist in der Regel ohne Angabe personenbezogener Daten m\u00f6glich. Soweit auf unseren Seiten personenbezogene Daten (beispielsweise Name, Anschrift oder E-Mail-Adressen) erhoben werden, erfolgt dies stets auf freiwilliger Basis. Diese Daten werden ohne Ihre ausdr\u00fcckliche Zustimmung nicht an Dritte weitergegeben. Wir weisen darauf hin, dass die Daten\u00fcbertragung im Internet (z.B. bei der Kommunikation per E-Mail) Sicherheitsl\u00fccken aufweisen kann. Ein l\u00fcckenloser Schutz der Daten vor dem Zugriff durch Dritte ist nicht m\u00f6glich.<\/p>\n<p><strong>Registereintrag<br \/>\n<\/strong>Amtsgericht Freiburg im Breisgau: Registernummer: VR 670219<\/p>\n<p><strong>Bildquellen<\/strong><br \/>\nHeader-Bild von Momosu \/ Photocase.com<br \/>\nAndere Bilder von DKSB\/KSB-S\/privat<br \/>\nStartseiten-Icons von Freepik \/ flaticon.com<\/p>\n","protected":false},"excerpt":{"rendered":"<p>Impressum Angaben gem\u00e4\u00df \u00a7 5 TMG, vVerantwortlich f\u00fcr den Inhalt nach \u00a7 55 Abs. 2 RStV: Deutscher Kinderschutzbund Ortsverband Schopfheim e.V. Wehrer Str. 5 | 79650 Schopfheim Telefon: +49 7622 639 29 | Telefax: +49 7622 667 59 60 Vertreten durch die erste Vorsitzende: Heidi Schmieding. Kontakt: info@kinderschutzbund-schopfheim.de Haftungsausschluss Der Deutsche Kinderschutzbund Ortsverband Schopfheim e.V. [&hellip;]<\/p>\n","protected":false},"author":1,"featured_media":0,"parent":0,"menu_order":-10,"comment_status":"closed","ping_status":"closed","template":"template-full.php","meta":{"footnotes":""},"class_list":["post-17","page","type-page","status-publish","hentry"],"_links":{"self":[{"href":"https:\/\/kinderschutzbund-schopfheim.de\/index.php?rest_route=\/wp\/v2\/pages\/17","targetHints":{"allow":["GET"]}}],"collection":[{"href":"https:\/\/kinderschutzbund-schopfheim.de\/index.php?rest_route=\/wp\/v2\/pages"}],"about":[{"href":"https:\/\/kinderschutzbund-schopfheim.de\/index.php?rest_route=\/wp\/v2\/types\/page"}],"author":[{"embeddable":true,"href":"https:\/\/kinderschutzbund-schopfheim.de\/index.php?rest_route=\/wp\/v2\/users\/1"}],"replies":[{"embeddable":true,"href":"https:\/\/kinderschutzbund-schopfheim.de\/index.php?rest_route=%2Fwp%2Fv2%2Fcomments&post=17"}],"version-history":[{"count":33,"href":"https:\/\/kinderschutzbund-schopfheim.de\/index.php?rest_route=\/wp\/v2\/pages\/17\/revisions"}],"predecessor-version":[{"id":1825,"href":"https:\/\/kinderschutzbund-schopfheim.de\/index.php?rest_route=\/wp\/v2\/pages\/17\/revisions\/1825"}],"wp:attachment":[{"href":"https:\/\/kinderschutzbund-schopfheim.de\/index.php?rest_route=%2Fwp%2Fv2%2Fmedia&parent=17"}],"curies":[{"name":"wp","href":"https:\/\/api.w.org\/{rel}","templated":true}]}}