{"id":1436,"date":"2018-05-24T20:45:50","date_gmt":"2018-05-24T14:45:50","guid":{"rendered":"http:\/\/kinderschutzbund-schopfheim.de\/?page_id=1436"},"modified":"2026-02-24T21:13:45","modified_gmt":"2026-02-24T15:13:45","slug":"ferienbetreuung","status":"publish","type":"page","link":"https:\/\/kinderschutzbund-schopfheim.de\/?page_id=1436","title":{"rendered":"Ferienbetreuung"},"content":{"rendered":"<div class=\"wp-block-image is-style-default\">\n<figure class=\"alignright\"><img loading=\"lazy\" decoding=\"async\" width=\"400\" height=\"400\" src=\"https:\/\/kinderschutzbund-schopfheim.de\/wp-content\/uploads\/2018\/05\/K0A2088.jpg\" alt=\"\" class=\"wp-image-1697\" srcset=\"https:\/\/kinderschutzbund-schopfheim.de\/wp-content\/uploads\/2018\/05\/K0A2088.jpg 400w, https:\/\/kinderschutzbund-schopfheim.de\/wp-content\/uploads\/2018\/05\/K0A2088-150x150.jpg 150w, https:\/\/kinderschutzbund-schopfheim.de\/wp-content\/uploads\/2018\/05\/K0A2088-300x300.jpg 300w, https:\/\/kinderschutzbund-schopfheim.de\/wp-content\/uploads\/2018\/05\/K0A2088-365x365.jpg 365w\" sizes=\"auto, (max-width: 400px) 100vw, 400px\" \/><\/figure>\n<\/div>\n\n\n<p class=\"has-text-color has-link-color has-small-font-size wp-elements-60f67821a61fb7a1e9d1508c2793a340\" style=\"color:#0037ad\"><span style=\"color: #000000;\">Die Kooperation Lokales B\u00fcndnis f\u00fcr Familie Mittleres Wiesental \/ Kinderschutzbund Schopfheim e.V. bietet im Sommer 2026 unter dem Motto &#8222;Sommer-Wasser-Wiese-Spass&#8220; in den ersten beiden Sommerferienwochen eine Ferienbetreuung f\u00fcr Grundschulkinder an. Die Kinder werden in kleinen Gruppen (maximal 15 Kinder) betreut. Insgesamt stehen pro Woche 30 Pl\u00e4tze zur Verf\u00fcgung. Die Platzvergabe erfolgt nach Eingang der Anmeldung zuerst an die Kinder der B\u00fcndnispartner und deren Freunde. Anschlie\u00dfend werden die freien Pl\u00e4tze an andere Kinder freigegeben.<\/span><\/p>\n\n\n\n<p class=\"has-text-color has-link-color has-small-font-size wp-elements-5bf1a69d09af51051329a902249d4469\" style=\"color:#0037ad\"><span style=\"color: #000000;\">Zielgruppe<strong><br><\/strong>Grundschulkinder<\/span><\/p>\n\n\n\n<p class=\"has-text-color has-link-color has-small-font-size wp-elements-ce88b61196ad61b2e8563eed68f51ed9\" style=\"color:#0037ad\"><span style=\"color: #000000;\">Veranstaltungsort<strong><br><\/strong>Schulareal Hebelstra\u00dfe 28, Hausen im Wiesental<\/span><\/p>\n\n\n\n<p class=\"has-text-color has-link-color has-small-font-size wp-elements-c14bc5c2475a58cb6d7764746424bfab\" style=\"color:#0037ad\"><span style=\"color: #000000;\">Betreuungszeiten<strong><br><\/strong>Montag bis Freitag, 7:30 bis 17 Uhr<\/span><br><\/p>\n\n\n\n<p class=\"has-text-color has-link-color has-small-font-size wp-elements-f8c37342d7776b8b745429e77b318f36\" style=\"color:#0037ad\"><span style=\"color: #000000;\">Kosten<strong><br><\/strong>125\u20ac pro Kind pro Woche inkl. Verpflegung. Geschwisterrabatte o.\u00e4. erfragen Sie bitte bei Ihrem Arbeitgeber\/B\u00fcndnispartner.<\/span><\/p>\n\n\n\n<p><\/p>\n","protected":false},"excerpt":{"rendered":"<p>Die Kooperation Lokales B\u00fcndnis f\u00fcr Familie Mittleres Wiesental \/ Kinderschutzbund Schopfheim e.V. bietet im Sommer 2026 unter dem Motto &#8222;Sommer-Wasser-Wiese-Spass&#8220; in den ersten beiden Sommerferienwochen eine Ferienbetreuung f\u00fcr Grundschulkinder an. Die Kinder werden in kleinen Gruppen (maximal 15 Kinder) betreut. Insgesamt stehen pro Woche 30 Pl\u00e4tze zur Verf\u00fcgung. Die Platzvergabe erfolgt nach Eingang der Anmeldung [&hellip;]<\/p>\n","protected":false},"author":1,"featured_media":0,"parent":15,"menu_order":0,"comment_status":"closed","ping_status":"closed","template":"template-full.php","meta":{"footnotes":""},"class_list":["post-1436","page","type-page","status-publish","hentry"],"_links":{"self":[{"href":"https:\/\/kinderschutzbund-schopfheim.de\/index.php?rest_route=\/wp\/v2\/pages\/1436","targetHints":{"allow":["GET"]}}],"collection":[{"href":"https:\/\/kinderschutzbund-schopfheim.de\/index.php?rest_route=\/wp\/v2\/pages"}],"about":[{"href":"https:\/\/kinderschutzbund-schopfheim.de\/index.php?rest_route=\/wp\/v2\/types\/page"}],"author":[{"embeddable":true,"href":"https:\/\/kinderschutzbund-schopfheim.de\/index.php?rest_route=\/wp\/v2\/users\/1"}],"replies":[{"embeddable":true,"href":"https:\/\/kinderschutzbund-schopfheim.de\/index.php?rest_route=%2Fwp%2Fv2%2Fcomments&post=1436"}],"version-history":[{"count":23,"href":"https:\/\/kinderschutzbund-schopfheim.de\/index.php?rest_route=\/wp\/v2\/pages\/1436\/revisions"}],"predecessor-version":[{"id":3771,"href":"https:\/\/kinderschutzbund-schopfheim.de\/index.php?rest_route=\/wp\/v2\/pages\/1436\/revisions\/3771"}],"up":[{"embeddable":true,"href":"https:\/\/kinderschutzbund-schopfheim.de\/index.php?rest_route=\/wp\/v2\/pages\/15"}],"wp:attachment":[{"href":"https:\/\/kinderschutzbund-schopfheim.de\/index.php?rest_route=%2Fwp%2Fv2%2Fmedia&parent=1436"}],"curies":[{"name":"wp","href":"https:\/\/api.w.org\/{rel}","templated":true}]}}